29*r - 13. Let w = 107 - 65. Let s = -46 + w. What are the prime factors of o(s)?
103
Suppose -60*n - 74*n = -2181654. List the prime factors of n.
3, 67
Suppose -21 + 9 = -6*u. Suppose a - u*x = 1098, 5*a - 3282 = -3*x + 2143. List the prime factors of a.
2, 17
Let g = 178 - 157. What are the prime factors of (-13 + 287/g)*(-1794)/(-4)?
13, 23
Let s = -13 - -15. Let r be 0/((-1)/2*s)*1. Suppose p - 3*u - 171 = 0, -3*u = -r*u + 12. List the prime factors of p.
3, 53
Let m(p) = 63*p + 73. Let g(o) = -o. Let v(b) = -3*g(b) + m(b). List the prime factors of v(6).
7, 67
Let u be ((-6)/(-6) + 1 + -2)/3. Suppose -d - 3*w + u*w = -1760, 2*w = 2. List the prime factors of d.
7, 251
Let p be (72/(-7))/(1/(-7)). Suppose 15 = 3*m - p. Suppose -m = -2*k - i + 44, k - 4*i = 50. What are the prime factors of k?
2, 19
List the prime factors of (-1 + 10091)*(3190/(-50))/(-29).
2, 11, 1009
Let f(y) = y**3 - 4*y**2 + 49*y + 4374. What are the prime factors of f(0)?
2, 3
Let g = 116 + -16. Suppose -25*x - g = -27*x. What are the prime factors of x?
2, 5
Let z(c) = -16*c - 183. Let d(i) = -8*i - 91. Let s(a) = 13*d(a) - 6*z(a). Let l be s(0). Let t = 76 - l. What are the prime factors of t?
7, 23
Let d = 32 - 28. Let c(a) = 6*a**3 - a**2 + 2*a - 2. What are the prime factors of c(d)?
2, 11, 17
Let r(k) be the third derivative of -16*k**2 + 0 + 0*k + 17/6*k**3 + 1/24*k**4 + 2/15*k**5. List the prime factors of r(4).
149
Let d = 14270 - 8880. What are the prime factors of d?
2, 5, 7, 11
Suppose 0 = -v - y - 8, y + 15 = -2*v - 0*y. Let o be (-1)/((2/(-28))/(v/(-2))). Suppose -50*n + 25 = -o*n. List the prime factors of n.
5
Let u(j) = 20*j**2 - 58*j**2 + 31 + 23*j**2 - 6*j + 16*j**2. List the prime factors of u(-22).
647
Let v(w) = 26*w**3 + 2*w**2 + w. Let n be v(-1). Let m = n - -27. Suppose m*i - 66 = -5*u + 35, -5*u + 3*i = -111. What are the prime factors of u?
3, 7
Let s = -339 + 342. Suppose -c + 1927 = s*o - 3*c, 2*c = -5*o + 3217. List the prime factors of o.
643
Let f = -110 - -117. List the prime factors of (-168)/16*((-317)/f - 1).
2, 3
Let x(j) = -249*j + 129. Let f be x(9). Let a = -1035 - f. List the prime factors of a.
3, 359
Suppose j + 4*k = 33, -66 = -4*j - k + 36. What are the prime factors of 0/(j/5) + 4452/6?
2, 7, 53
Let x(f) = 831*f + 19. List the prime factors of x(6).
5, 7, 11, 13
Let w(o) = -255*o + 145. Let a be w(-18). Suppose 2*h = -5*p + a, 2*p + 3*h + 2*h = 1894. What are the prime factors of p?
947
Let w(h) be the third derivative of 137*h**5/60 + h**3/6 - 8*h**2 - 1. What are the prime factors of w(1)?
2, 3, 23
Suppose -4*q - 3*m + 100 = 15, -q + 3*m + 10 = 0. Suppose 5*y + 3*i = q, -y - i + 3 + 2 = 0. What are the prime factors of y/(-3) + 5 + 59/3?
2, 3
Suppose 5*s = -0*s - 2*w + 217185, -5*s = 4*w - 217185. List the prime factors of s.
3, 14479
Let u(j) = -2*j**3 - 4*j**2 - 4*j + 1. Let z be u(-3). Let f(q) = -7*q**2 + 2 + 7*q**2 + z*q**2 + 5*q**2. List the prime factors of f(2).
2, 73
Let y(t) = t**3 - 5*t**2 - 2*t + 31. Let k be y(4). Let c(m) = 19*m - 33. What are the prime factors of c(k)?
2, 5
Let q(m) = -31702*m - 5228. What are the prime factors of q(-2)?
2, 3, 101
Suppose -2*k - 3938 = -14188. List the prime factors of k.
5, 41
Suppose 3*j - 15 = 3*d, -3 + 7 = 2*j - 5*d. Suppose -2933 + 7140 = j*m. List the prime factors of m.
601
Suppose -3 = -37*a + 36*a. Let h be 1/4*4 - -1. Suppose 3*y = 3*w + h*y - 29, a*w + 2*y - 23 = 0. What are the prime factors of w?
3
Let v(s) = -4*s**2 + s - 17. Let a(z) = -z + 1. Suppose -4*d + 12 = -3*x - x, -x = 3*d - 5. Let o(c) = x*v(c) - 5*a(c). What are the prime factors of o(5)?
2, 3, 11
Let s be (-52)/78 - 163*(-4)/6. Suppose i - 3 = -a, -2*i - 3 = -5*a + 4*a. Suppose q = -i*t - t + s, 4*q - 428 = -3*t. What are the prime factors of q?
2, 13
Let w = 287 + 60. Let o = 933 - w. What are the prime factors of o?
2, 293
Suppose -2*n + 56 = -2*c, -c - 26 = -17*n + 18*n. List the prime factors of 769 + 3 + c/3.
7, 109
Let y(u) = -u - 3*u - u - u + 47. Let i be y(6). Suppose -i*g + 922 = 284. List the prime factors of g.
2, 29
Let t(z) = z**2 - 61*z + 281. List the prime factors of t(62).
7
Suppose 3*r - 21919 = -5*s, -4*r = -31*s + 36*s - 21922. What are the prime factors of s?
2, 7, 313
Suppose -x - o - 28 = 4*o, -5*o - 84 = 3*x. Let i(f) = -f**2 - 36*f - 27. What are the prime factors of i(x)?
197
Suppose 8 + 12 = -5*n. Let d be 1*32/(8/n). What are the prime factors of 246 - (-1 + d/(-4))?
3
Let x(f) = 7*f**2 + 6*f + 4. Let i be x(-3). Let r = 103 - i. List the prime factors of r.
2, 3
Suppose 48871 = 5*n + 2*h, 0 = -n - h + 8805 + 974. What are the prime factors of n?
3, 3257
Let j = 589 - 584. Suppose d = -j*y + 1397, 2*d = -5*y + 1207 + 1607. List the prime factors of d.
13, 109
Let p(a) = -a**2 + 36*a - 123. Let z be p(32). Suppose 160 = -4*x - z*w + 877, -2*w = 4*x - 702. What are the prime factors of x?
173
List the prime factors of 463218/164 + 5/(-2).
2, 17, 83
Suppose w + 4395 = 4*w. Suppose 3*t + 11*d - 9*d - 860 = 0, 5*t - 3*d - w = 0. What are the prime factors of t?
2, 5, 29
Suppose 4*q + 9 - 33 = 0. Suppose -4*k + q = -2. Suppose -4*u + 685 = i - k*i, 485 = 3*u + 5*i. What are the prime factors of u?
2, 5, 17
Suppose -19*u = -16*u - 6. Let v(z) = u*z**2 + 29*z - 72 - 4*z**2 + z**2 + 68. List the prime factors of v(20).
2, 11
Suppose -f + 32 - 33 = 0. What are the prime factors of 477 + (7 - f) + -9?
2, 7, 17
Let j = -2438 + 385. Let i = j + 3159. What are the prime factors of i?
2, 7, 79
Let z(c) = 2032*c - 625. List the prime factors of z(2).
19, 181
Let z be -5 + (-1 - -4) + -34. Let t be 2/(-5) + z/(-15). Suppose s = -t*s + 204. What are the prime factors of s?
2, 17
Suppose 936 = -2*d - 4*j, -756 = 3*d + 3*j + 639. Let h = -329 - d. List the prime factors of -3 + h + (6 - 2).
2, 67
Let c(i) = 110*i - 1449. What are the prime factors of c(32)?
19, 109
List the prime factors of (24 + 1076)*1 + (0 - 7).
1093
Let k(o) = -o**3 - 25*o**2 - 60*o - 36. Suppose 154 = -9*t - 71. List the prime factors of k(t).
2, 3, 61
Suppose -2*v = v - 2*o - 22, 20 = 2*v - 4*o. Suppose v*r - 799 = 767. What are the prime factors of r?
3, 29
Let v = 1 + -3. Let x be v + (2 - (4 + -5)) - -4. Suppose 0 = 4*g + 3*z - 875, -1095 = -10*g + x*g - 5*z. What are the prime factors of g?
2, 109
Suppose 0 = s + 4*d - 1352, s + 5*d = 1230 + 118. What are the prime factors of s?
2, 3, 19
Let b be 49/(-21)*14*-3. Suppose -2*y + 2*g = -944, 574 - b = y - 5*g. List the prime factors of y.
3, 157
Let w = -12474 - -19784. List the prime factors of w.
2, 5, 17, 43
Suppose 2*q + 74 = 4*o - 86, -3*q = 0. Suppose -o*c = 2*c - 17094. List the prime factors of c.
11, 37
Let c = -4064 + 5890. List the prime factors of c.
2, 11, 83
Let u(y) = y**3 + 17*y**2 - y + 7. Let v be u(-17). Suppose 2*n - 428 = v. What are the prime factors of n?
2, 113
Suppose 59*f - 61*f + 9576 = -3*l, -4*f = l - 19180. List the prime factors of f.
2, 3, 17, 47
Let z(x) be the third derivative of -x**4/3 + 10*x**3/3 - 13*x**2. Let u be z(2). Suppose u*r - 3*p - 288 = r, 5*r = -3*p + 440. List the prime factors of r.
7, 13
Let x be 31/(4 + 1148/(-288)). Suppose -14*m + x = -8*m. What are the prime factors of m?
2, 3, 31
Suppose -252 = 5*p - 2382. Suppose 3*s = s + 4, o + s = p. What are the prime factors of o?
2, 53
Suppose 0 = 10*j - 3*j - 77. Suppose j*p - 6*p = 0. Suppose -372 = -p*t - 6*t. What are the prime factors of t?
2, 31
Suppose -41 - 3 = -2*k. Suppose -12*j + 7*j + 26909 = -4*f, -21536 = -4*j + f. List the prime factors of (-4)/k + (j/33 - -3).
2, 83
Suppose 0 = -11*h + 12*h - 29. Suppose -3*y = -4*z + h, -3*y + 4*z = 2*y + 35. What are the prime factors of y + 3 + -4 - -73?
3, 23
Suppose 73*v = 81*v + 8. Let i(n) = -189*n**3 - 5*n**2 - 7*n - 1. What are the prime factors of i(v)?
2, 5, 19
Let a be 0 + (-651)/15 + 8/20. Let j = -40 - a. Suppose -2*x - 50 = -j*f - 0*x, -5*f - 5*x + 100 = 0. List the prime factors of f.
2, 3
Suppose -13*y - 335 = 107. Suppose 4*d - 3142 = -14090. What are the prime factors of d/y + (-1)/(2/(-3))?
2, 41
Let w(f) be the first derivative of 9 + 8*f + 1/3*f**3 - 1/2*f**2. List the prime factors of w(10).
2, 7
Suppose 7*z + 8 = 8*z. Let b be (-7)/56 + 1121/z. Suppose 5*y = j + 386, 2*y - 4*j - b = -0*y. 